{"id":90,"date":"2020-04-04T13:59:00","date_gmt":"2020-04-04T11:59:00","guid":{"rendered":"https:\/\/www.menschenrechte.org\/blog\/?page_id=90"},"modified":"2021-05-01T14:52:01","modified_gmt":"2021-05-01T12:52:01","slug":"about","status":"publish","type":"page","link":"https:\/\/www.menschenrechte.org\/blog\/about\/","title":{"rendered":"About"},"content":{"rendered":"\n<p>Das N\u00fcrnberger Menschenrechtszentrum e.V. (NMRZ) ist ein unabh\u00e4ngiger, gemeinn\u00fctziger Verein, der ausschlie\u00dflich von der ehrenamtlichen Arbeit der aktiven Vereinsmitglieder getragen wird. In N\u00fcrnberg und von N\u00fcrnberg ausgehend setzt sich das NMRZ auf lokaler, nationaler und internationaler Ebene f\u00fcr die Menschenrechte ein. <\/p>\n\n\n\n<p>Hier auf unserem Blog schreiben einzelne Mitglieder des NMRZ und G\u00e4ste \u00fcber aktuelle menschenrechtsrelevante Ereignisse und Fragen. Sie schreiben ihre \u00dcberlegungen aus pers\u00f6nlicher Sicht und nicht in Repr\u00e4sentanz des NMRZ. Unsere Blogartikel sollen f\u00fcr eine weitere kritische Stimme im Kampf f\u00fcr die Menschenrechte sorgen und Anregungen f\u00fcr wichtige Debatten geben.<\/p>\n\n\n\n<p>Viel Spa\u00df beim Lesen, Kommentieren und Teilen! \ud83d\ude42<\/p>\n\n\n\n<p>Es schreiben u. a. f\u00fcr dich&#8230;<\/p>\n\n\n\n<p><strong><a href=\"https:\/\/www.menschenrechte.org\/blog\/author\/alice\/\">Alice Speck<\/a><\/strong><br><em>Alice hat Politikwissenschaften und \u00d6ffentliches Recht an der FAU in Erlangen studiert. Neben ihrer Arbeit in der PR-Branche engagiert sie sich seit einigen Jahren im NMRZ. Dort betreut sie die Social-Media-Kan\u00e4le und ist Mitglied des Vorstands.<\/em><\/p>\n\n\n\n<p><strong><a href=\"https:\/\/www.menschenrechte.org\/blog\/author\/clara\/\">Clara Lanfermann<\/a><\/strong><br><em>Clara hat European Studies und Politikwissenschaft in Magdeburg und Erlangen studiert. Seit ihrem Praktikum engagiert sie sich beim N\u00fcrnberger Menschenrechtszentrum. Was wichtig f\u00fcr den Schutz der Menschenrechte ist? Dass mehr Bewusstsein daf\u00fcr geschaffen wird, wo \u00fcberall Menschenrechte angegriffen werden. Und dass wir Menschenrechte verst\u00e4ndlich erkl\u00e4ren, damit alle Menschen ihre Rechte kennen und einfordern k\u00f6nnen.<\/em><\/p>\n\n\n\n<p><strong><a href=\"https:\/\/www.menschenrechte.org\/blog\/author\/felix\/\">Felix Krau\u00df<\/a><\/strong><br><em>Felix arbeitet als Wissenschaftlicher Mitarbeiter f\u00fcr den Bay. Landtag. Als Politikwissenschaftler setzt er sich au\u00dferberuflich vor allem mit den Herausforderungen und Chancen von Menschenrechten in einer digitalisierten Welt auseinander. Er betreut die Social-Media-Arbeit des N\u00fcrnberger Menschenrechtszentrums.<\/em><\/p>\n\n\n\n<p><strong><a href=\"https:\/\/www.menschenrechte.org\/blog\/author\/klaus\/\">Klaus Sch\u00fcler<\/a><\/strong><br><em>Klaus ist Rechtsanwalt im Ruhestand und langj\u00e4hriges Mitglied des NMRZ sowie Mitglied im Vorstand des F\u00f6rdervereins des Masterstudiengangs Human Rights an der FAU. Sein Hauptinteresse gilt dem V\u00f6lkerstrafrecht, der neueren Geschichte N\u00fcrnbergs und dem internationalen Netzwerk unseres NMRZ.<\/em><\/p>\n\n\n\n<p><strong><a href=\"https:\/\/www.menschenrechte.org\/blog\/author\/maria\/\">Maria Geisler<\/a><\/strong><br><em>Maria studierte Politikwissenschaften sowie Medienkommunikation in Mannheim und Wien. Durch ihre Doktorarbeit, an der sie gerade an der Uni Erlangen schreibt, lernte sie das N\u00fcrnberger Menschenrechtszentrum kennen, wo sie sich seither vor allem im Redaktionsteam engagiert. Ihre Leidenschaft auch profanere Themen wie Fu\u00dfball oder den Alltag in einen menschenrechtlichen Kontext zu stellen, kann sie beim Blog genauso nachgehen, wie akademischere Themen einem breiteren Publikum nahezubringen.<\/em><\/p>\n\n\n\n<p><strong><a href=\"https:\/\/www.menschenrechte.org\/blog\/author\/nadja\/\">Nadja Kutscher<\/a><\/strong><br><em>Nadja ist Politikwissenschaftlerin und \u00dcbersetzerin. Sie ist Mitglied des N\u00fcrnberger Menschenrechtszentrums und arbeitet zu den Themenbereichen Gender, Sexismus, Rechtsextremismus und Rassismus.<\/em><\/p>\n\n\n\n<p><a href=\"https:\/\/www.menschenrechte.org\/blog\/author\/otto\/\"><strong>Dr. Otto B\u00f6hm<\/strong><\/a><br><em>Otto war Mitarbeiter des Verlages N\u00fcrnberger Presse. Er arbeitet seit vielen Jahren wissenschaftlich und praktisch zur historisch-politischen Menschenrechtsbildung. Im N\u00fcrnberger Menschenrechtszentrum (NMRZ)  ist er seit dessen Gr\u00fcndung 1989 aktiv. <\/em> <\/p>\n\n\n\n<p><strong><a href=\"https:\/\/www.menschenrechte.org\/blog\/author\/rainer\/\">Rainer Huhle<\/a><\/strong><br><em>Rainer ist Gr\u00fcndungsmitglied des N\u00fcrnberger Menschenrechtszentrums.<\/em><\/p>\n\n\n\n<p><\/p>\n","protected":false},"excerpt":{"rendered":"<p>Das N\u00fcrnberger Menschenrechtszentrum e.V. (NMRZ) ist ein unabh\u00e4ngiger, gemeinn\u00fctziger Verein, der ausschlie\u00dflich von der ehrenamtlichen Arbeit der aktiven Vereinsmitglieder getragen&#8230;<\/p>\n","protected":false},"author":1,"featured_media":0,"parent":0,"menu_order":0,"comment_status":"closed","ping_status":"closed","template":"","meta":{"footnotes":""},"coauthors":[21],"class_list":["post-90","page","type-page","status-publish","hentry","post-archive"],"yoast_head":"<!-- This site is optimized with the Yoast SEO plugin v26.5 - https:\/\/yoast.com\/wordpress\/plugins\/seo\/ -->\n<title>About - Menschenrechte - der Blog.<\/title>\n<meta name=\"description\" content=\"Das N\u00fcrnberger Menschenrechtszentrum e.V. (NMRZ) ist ein unabh\u00e4ngiger, gemeinn\u00fctziger Verein. Hier auf unserem Blog beleuchten einzelne Mitglieder aktuelle menschenrechtsrelevante Ereignisse und Situationen.\" \/>\n<meta name=\"robots\" content=\"index, follow, max-snippet:-1, max-image-preview:large, max-video-preview:-1\" \/>\n<link rel=\"canonical\" href=\"https:\/\/www.menschenrechte.org\/blog\/about\/\" \/>\n<meta property=\"og:locale\" content=\"de_DE\" \/>\n<meta property=\"og:type\" content=\"article\" \/>\n<meta property=\"og:title\" content=\"About - Menschenrechte - der Blog.\" \/>\n<meta property=\"og:description\" content=\"Das N\u00fcrnberger Menschenrechtszentrum e.V. (NMRZ) ist ein unabh\u00e4ngiger, gemeinn\u00fctziger Verein. Hier auf unserem Blog beleuchten einzelne Mitglieder aktuelle menschenrechtsrelevante Ereignisse und Situationen.\" \/>\n<meta property=\"og:url\" content=\"https:\/\/www.menschenrechte.org\/blog\/about\/\" \/>\n<meta property=\"og:site_name\" content=\"Menschenrechte - der Blog.\" \/>\n<meta property=\"article:publisher\" content=\"https:\/\/www.facebook.com\/NuernbergerMenschenrechtszentrum\/?eid=ARAoGFhiOGk5kmEnso1qow5TUUEWiHvB739MeabiJgTeX-H10uOy1x45ym-gISJGHPSkma6NciCJ1mFN\" \/>\n<meta property=\"article:modified_time\" content=\"2021-05-01T12:52:01+00:00\" \/>\n<meta name=\"twitter:label1\" content=\"Gesch\u00e4tzte Lesezeit\" \/>\n\t<meta name=\"twitter:data1\" content=\"2\u00a0Minuten\" \/>\n\t<meta name=\"twitter:label2\" content=\"Written by\" \/>\n\t<meta name=\"twitter:data2\" content=\"NMRZ\" \/>\n<script type=\"application\/ld+json\" class=\"yoast-schema-graph\">{\"@context\":\"https:\/\/schema.org\",\"@graph\":[{\"@type\":\"WebPage\",\"@id\":\"https:\/\/www.menschenrechte.org\/blog\/about\/\",\"url\":\"https:\/\/www.menschenrechte.org\/blog\/about\/\",\"name\":\"About - Menschenrechte - der Blog.\",\"isPartOf\":{\"@id\":\"https:\/\/www.menschenrechte.org\/blog\/#website\"},\"datePublished\":\"2020-04-04T11:59:00+00:00\",\"dateModified\":\"2021-05-01T12:52:01+00:00\",\"description\":\"Das N\u00fcrnberger Menschenrechtszentrum e.V. (NMRZ) ist ein unabh\u00e4ngiger, gemeinn\u00fctziger Verein. Hier auf unserem Blog beleuchten einzelne Mitglieder aktuelle menschenrechtsrelevante Ereignisse und Situationen.\",\"breadcrumb\":{\"@id\":\"https:\/\/www.menschenrechte.org\/blog\/about\/#breadcrumb\"},\"inLanguage\":\"de\",\"potentialAction\":[{\"@type\":\"ReadAction\",\"target\":[\"https:\/\/www.menschenrechte.org\/blog\/about\/\"]}]},{\"@type\":\"BreadcrumbList\",\"@id\":\"https:\/\/www.menschenrechte.org\/blog\/about\/#breadcrumb\",\"itemListElement\":[{\"@type\":\"ListItem\",\"position\":1,\"name\":\"Startseite\",\"item\":\"https:\/\/www.menschenrechte.org\/blog\/\"},{\"@type\":\"ListItem\",\"position\":2,\"name\":\"About\"}]},{\"@type\":\"WebSite\",\"@id\":\"https:\/\/www.menschenrechte.org\/blog\/#website\",\"url\":\"https:\/\/www.menschenrechte.org\/blog\/\",\"name\":\"Menschenrechte - der Blog.\",\"description\":\"N\u00fcrnberger Menschenrechtszentrum\",\"publisher\":{\"@id\":\"https:\/\/www.menschenrechte.org\/blog\/#organization\"},\"potentialAction\":[{\"@type\":\"SearchAction\",\"target\":{\"@type\":\"EntryPoint\",\"urlTemplate\":\"https:\/\/www.menschenrechte.org\/blog\/?s={search_term_string}\"},\"query-input\":{\"@type\":\"PropertyValueSpecification\",\"valueRequired\":true,\"valueName\":\"search_term_string\"}}],\"inLanguage\":\"de\"},{\"@type\":\"Organization\",\"@id\":\"https:\/\/www.menschenrechte.org\/blog\/#organization\",\"name\":\"N\u00fcrnberger Menschenrechtszentrum\",\"url\":\"https:\/\/www.menschenrechte.org\/blog\/\",\"logo\":{\"@type\":\"ImageObject\",\"inLanguage\":\"de\",\"@id\":\"https:\/\/www.menschenrechte.org\/blog\/#\/schema\/logo\/image\/\",\"url\":\"https:\/\/www.menschenrechte.org\/blog\/wp-content\/uploads\/2020\/02\/NMRZ_jpg-scaled.jpg\",\"contentUrl\":\"https:\/\/www.menschenrechte.org\/blog\/wp-content\/uploads\/2020\/02\/NMRZ_jpg-scaled.jpg\",\"width\":2560,\"height\":345,\"caption\":\"N\u00fcrnberger Menschenrechtszentrum\"},\"image\":{\"@id\":\"https:\/\/www.menschenrechte.org\/blog\/#\/schema\/logo\/image\/\"},\"sameAs\":[\"https:\/\/www.facebook.com\/NuernbergerMenschenrechtszentrum\/?eid=ARAoGFhiOGk5kmEnso1qow5TUUEWiHvB739MeabiJgTeX-H10uOy1x45ym-gISJGHPSkma6NciCJ1mFN\",\"https:\/\/www.instagram.com\/nbg_menschenrechtszentrum\/\"]}]}<\/script>\n<!-- \/ Yoast SEO plugin. -->","yoast_head_json":{"title":"About - Menschenrechte - der Blog.","description":"Das N\u00fcrnberger Menschenrechtszentrum e.V. (NMRZ) ist ein unabh\u00e4ngiger, gemeinn\u00fctziger Verein. Hier auf unserem Blog beleuchten einzelne Mitglieder aktuelle menschenrechtsrelevante Ereignisse und Situationen.","robots":{"index":"index","follow":"follow","max-snippet":"max-snippet:-1","max-image-preview":"max-image-preview:large","max-video-preview":"max-video-preview:-1"},"canonical":"https:\/\/www.menschenrechte.org\/blog\/about\/","og_locale":"de_DE","og_type":"article","og_title":"About - Menschenrechte - der Blog.","og_description":"Das N\u00fcrnberger Menschenrechtszentrum e.V. (NMRZ) ist ein unabh\u00e4ngiger, gemeinn\u00fctziger Verein. Hier auf unserem Blog beleuchten einzelne Mitglieder aktuelle menschenrechtsrelevante Ereignisse und Situationen.","og_url":"https:\/\/www.menschenrechte.org\/blog\/about\/","og_site_name":"Menschenrechte - der Blog.","article_publisher":"https:\/\/www.facebook.com\/NuernbergerMenschenrechtszentrum\/?eid=ARAoGFhiOGk5kmEnso1qow5TUUEWiHvB739MeabiJgTeX-H10uOy1x45ym-gISJGHPSkma6NciCJ1mFN","article_modified_time":"2021-05-01T12:52:01+00:00","twitter_misc":{"Gesch\u00e4tzte Lesezeit":"2\u00a0Minuten","Written by":"NMRZ"},"schema":{"@context":"https:\/\/schema.org","@graph":[{"@type":"WebPage","@id":"https:\/\/www.menschenrechte.org\/blog\/about\/","url":"https:\/\/www.menschenrechte.org\/blog\/about\/","name":"About - Menschenrechte - der Blog.","isPartOf":{"@id":"https:\/\/www.menschenrechte.org\/blog\/#website"},"datePublished":"2020-04-04T11:59:00+00:00","dateModified":"2021-05-01T12:52:01+00:00","description":"Das N\u00fcrnberger Menschenrechtszentrum e.V. (NMRZ) ist ein unabh\u00e4ngiger, gemeinn\u00fctziger Verein. Hier auf unserem Blog beleuchten einzelne Mitglieder aktuelle menschenrechtsrelevante Ereignisse und Situationen.","breadcrumb":{"@id":"https:\/\/www.menschenrechte.org\/blog\/about\/#breadcrumb"},"inLanguage":"de","potentialAction":[{"@type":"ReadAction","target":["https:\/\/www.menschenrechte.org\/blog\/about\/"]}]},{"@type":"BreadcrumbList","@id":"https:\/\/www.menschenrechte.org\/blog\/about\/#breadcrumb","itemListElement":[{"@type":"ListItem","position":1,"name":"Startseite","item":"https:\/\/www.menschenrechte.org\/blog\/"},{"@type":"ListItem","position":2,"name":"About"}]},{"@type":"WebSite","@id":"https:\/\/www.menschenrechte.org\/blog\/#website","url":"https:\/\/www.menschenrechte.org\/blog\/","name":"Menschenrechte - der Blog.","description":"N\u00fcrnberger Menschenrechtszentrum","publisher":{"@id":"https:\/\/www.menschenrechte.org\/blog\/#organization"},"potentialAction":[{"@type":"SearchAction","target":{"@type":"EntryPoint","urlTemplate":"https:\/\/www.menschenrechte.org\/blog\/?s={search_term_string}"},"query-input":{"@type":"PropertyValueSpecification","valueRequired":true,"valueName":"search_term_string"}}],"inLanguage":"de"},{"@type":"Organization","@id":"https:\/\/www.menschenrechte.org\/blog\/#organization","name":"N\u00fcrnberger Menschenrechtszentrum","url":"https:\/\/www.menschenrechte.org\/blog\/","logo":{"@type":"ImageObject","inLanguage":"de","@id":"https:\/\/www.menschenrechte.org\/blog\/#\/schema\/logo\/image\/","url":"https:\/\/www.menschenrechte.org\/blog\/wp-content\/uploads\/2020\/02\/NMRZ_jpg-scaled.jpg","contentUrl":"https:\/\/www.menschenrechte.org\/blog\/wp-content\/uploads\/2020\/02\/NMRZ_jpg-scaled.jpg","width":2560,"height":345,"caption":"N\u00fcrnberger Menschenrechtszentrum"},"image":{"@id":"https:\/\/www.menschenrechte.org\/blog\/#\/schema\/logo\/image\/"},"sameAs":["https:\/\/www.facebook.com\/NuernbergerMenschenrechtszentrum\/?eid=ARAoGFhiOGk5kmEnso1qow5TUUEWiHvB739MeabiJgTeX-H10uOy1x45ym-gISJGHPSkma6NciCJ1mFN","https:\/\/www.instagram.com\/nbg_menschenrechtszentrum\/"]}]}},"_links":{"self":[{"href":"https:\/\/www.menschenrechte.org\/blog\/wp-json\/wp\/v2\/pages\/90","targetHints":{"allow":["GET"]}}],"collection":[{"href":"https:\/\/www.menschenrechte.org\/blog\/wp-json\/wp\/v2\/pages"}],"about":[{"href":"https:\/\/www.menschenrechte.org\/blog\/wp-json\/wp\/v2\/types\/page"}],"author":[{"embeddable":true,"href":"https:\/\/www.menschenrechte.org\/blog\/wp-json\/wp\/v2\/users\/1"}],"replies":[{"embeddable":true,"href":"https:\/\/www.menschenrechte.org\/blog\/wp-json\/wp\/v2\/comments?post=90"}],"version-history":[{"count":8,"href":"https:\/\/www.menschenrechte.org\/blog\/wp-json\/wp\/v2\/pages\/90\/revisions"}],"predecessor-version":[{"id":860,"href":"https:\/\/www.menschenrechte.org\/blog\/wp-json\/wp\/v2\/pages\/90\/revisions\/860"}],"wp:attachment":[{"href":"https:\/\/www.menschenrechte.org\/blog\/wp-json\/wp\/v2\/media?parent=90"}],"wp:term":[{"taxonomy":"author","embeddable":true,"href":"https:\/\/www.menschenrechte.org\/blog\/wp-json\/wp\/v2\/coauthors?post=90"}],"curies":[{"name":"wp","href":"https:\/\/api.w.org\/{rel}","templated":true}]}}